+ 1. What is the remainder when i(5) is divided by h?
5
Let j be (60/18)/(2/3). Suppose j = -4*q + 21. Calculate the remainder when 6 is divided by q.
2
Suppose -2*i = -0*i - 6. Suppose -a + 2*t = -8, -3*a + i*t = t - 24. Calculate the remainder when a is divided by -4 - (-12 - (-12)/4).
3
Let m(r) = -r**3 - r**2 - 2. What is the remainder when 5 is divided by m(-2)?
1
Suppose -j + 3*j = 24. Let t = j + -3. What is the remainder when 25 is divided by t?
7
Let j(g) = 7*g**2 + 18. Let s(r) = -r**2 + r - 1. Let a(q) = j(q) + 6*s(q). What is the remainder when a(-10) is divided by 14?
10
Suppose -m + 15 = -i, 0*i + i + 31 = 2*m. Let q = 22 - m. Let n = -6 - -17. What is the remainder when n is divided by q?
5
Let m be 4/2 - (-2 + 11). Let i(f) = f**3 + 7*f**2 - 8*f - 9. What is the remainder when i(m) is divided by (-20)/(-3)*24/10?
15
Suppose -6*u + 20 = -2*u. Suppose 0 = -u*x - 0*x + 165. What is the remainder when x is divided by 9?
6
Suppose -5*k + 151 = -4*g - 29, 5*k - 135 = -5*g. Calculate the remainder when 223 is divided by k.
31
Let o = 16 + -5. What is the remainder when 52 is divided by o?
8
Let y be 44/6 + (-4)/(-6). Suppose 16 = 3*n - y. Calculate the remainder when 28/(-10)*(-5 + 0) is divided by n.
6
Let a(g) = g**2 - 10*g + 9. Suppose 52 = 4*b + 12. Suppose s = -3*o - s + 11, -4 = -2*o - 3*s. What is the remainder when a(b) is divided by o?
4
Let i(w) = -5*w**2 + 0*w**3 + 0 - w**3 + 2. Let p be i(-5). Calculate the remainder when 40 is divided by (-43)/(-3) - p/6.
12
Suppose 0 = 5*c - 4*p - 32, c - 5 = 2*c + 3*p. Suppose c*k - 100 = 148. Calculate the remainder when k is divided by 16.
14
Suppose 3*l - x - 25 = 0, -2*l = -0*l + x - 10. Calculate the remainder when l is divided by 3.
1
Let x = 31 + -18. Calculate the remainder when 23 is divided by x.
10
Let t be 2/4*-2*-14. Let l = 30 - t. What is the remainder when (-91)/(-3) - (-2)/3 is divided by l?
15
Suppose -4 = -g - g. Suppose 4*m - g*x = -5*x - 54, 2*x = -m - 11. Let b = m + 25. What is the remainder when b is divided by 3?
1
Suppose -56 + 276 = 5*f + i, -3*f - 4*i + 149 = 0. Calculate the remainder when f is divided by 23.
20
Let f = -32 - -65. What is the remainder when 61 is divided by f?
28
Suppose 4*m = 4*p - 0*m - 48, 2*m - 12 = -p. Suppose 0 = 2*j + j - p. Suppose -8*t + 8 = 2*z - j*t, -2*z = -4*t. Calculate the remainder when 2 is divided by z.
0
Let k be 8 - (-5 + 5 + -3). Suppose 4*n + d = k, 5*n + 3*d + d = 0. What is the remainder when 11 is divided by n?
3
Let u(y) = 17*y**2 + 3*y. Calculate the remainder when u(-2) is divided by 21.
20
Suppose -4*d + d + 4*w + 57 = 0, 3*d - 57 = 2*w. Calculate the remainder when 74 is divided by d.
17
Suppose -335 = -4*o - 15. Suppose 4*b = -0*b + o. What is the remainder when (-4)/14 + 275/7 is divided by b?
19
Let c(d) be the second derivative of 7*d**3/6 - d**2/2 - 2*d. Let p be c(-2). Let h = p - -50. Calculate the remainder when h is divided by 12.
11
Let l(z) = z**3 + 13*z**2 + 9*z - 13. What is the remainder when l(-12) is divided by 13?
10
Let l(z) = z**2 + 7*z + 13. What is the remainder when 27 is divided by l(-6)?
6
Let b = 2 - 6. Let h = b - -7. Suppose -255 + 8 = -4*n + 3*a, 5*n - 311 = h*a. Calculate the remainder when n is divided by 22.
20
Suppose 0 = c + n - 4*n - 28, 0 = -c - n + 32. Suppose -5*b = g - c, 6*g + b = g + 59. Suppose r - g = 3. Calculate the remainder when r is divided by 8.
6
Let j = 6 - 16. Let i = j + 36. Calculate the remainder when i is divided by 7.
5
Let o(u) = u**3 + 15*u**2 + 1. What is the remainder when 2 is divided by o(-15)?
0
Let j = -9 + 8. Let x = 26 - j. What is the remainder when x is divided by 14?
13
Suppose j + 88 = 5*j. Let y = j - 42. Let d = y + 38. What is the remainder when d is divided by 10?
8
Suppose 1 = -3*b - 3*f + 16, 4*b - 3*f = 34. Calculate the remainder when 34 is divided by b.
6
Let y(f) = -4*f + 85. Calculate the remainder when y(-19) is divided by 54.
53
Let p be 7/2 - (-2)/4. Suppose -g - 5*l + 27 = -0*g, g + p*l - 24 = 0. Suppose 3*z = 5*z - 44. Calculate the remainder when z is divided by g.
10
Suppose -363 - 293 = -4*i. Suppose 3*r - 7*r + i = 0. What is the remainder when r is divided by 21?
20
Let y = 44 - 1. What is the remainder when y is divided by 15?
13
Suppose -5*m + 278 = 3*o, 0*m + 4*o = 5*m - 271. What is the remainder when m is divided by 28?
27
Let o(u) = 42*u + 2. Let w be o(2). Let q = w + -56. Let p = q - 14. Calculate the remainder when 46 is divided by p.
14
Suppose 3*p = -4*k - k + 17, p - 9 = -k. Suppose 275 = -12*u + 17*u. Calculate the remainder when u is divided by p.
13
Suppose p - 36 = -13. Calculate the remainder when p is divided by 13.
10
Let o = -115 + 194. What is the remainder when o is divided by 27?
25
Let d = -6 - -18. Let g(s) = s**3 - 11*s**2 - 12*s + 10. What is the remainder when 27 is divided by g(d)?
7
Let d = 66 - 45. Suppose -3*l = -11 - 172. What is the remainder when l is divided by d?
19
Let c = 5 + -9. Let z = 9 - c. Calculate the remainder when 23 is divided by z.
10
Let i = 8 + -3. Suppose 2*j + 5*f = 111, -4*f + 106 = -j + 3*j. Let o = j + -29. Calculate the remainder when o is divided by i.
4
Suppose -80 = -3*f - 2*f. Let o = f - 10. Calculate the remainder when 15 is divided by o.
3
Let s(k) = k**2 + 4*k + 5. What is the remainder when s(-4) is divided by 3?
2
Let j(i) = 2*i - 5. Let l be j(5). Let c = l - 2. Suppose h = c*h - 22. What is the remainder when h is divided by 6?
5
Suppose -8*y + 27 = -125. What is the remainder when y is divided by 10?
9
Let h be (-1*(-2 - -2))/2. What is the remainder when 82/2*(1 - h) is divided by 11?
8
Let m(y) = y**2 - 8*y + 4. Let s(d) be the second derivative of -11*d**5/20 - d**2/2 - d. What is the remainder when s(-1) is divided by m(8)?
2
Let y = 10 + -3. Calculate the remainder when y/(4/3 + -1) is divided by 11.
10
Suppose -10 + 2 = 4*o, 0 = -5*d - 3*o + 739. What is the remainder when d is divided by 38?
35
Let z(r) = 8*r**3 - r**2 - r + 3. Calculate the remainder when z(1) is divided by 2.
1
Suppose -9*s - 24 = -177. What is the remainder when 82 is divided by s?
14
Let z = 44 + -29. What is the remainder when 44 is divided by z?
14
Let i(v) = 7*v + 10. Let a be i(-4). Let y = 22 + a. What is the remainder when 5 is divided by y?
1
Let u be 1 + -2 + 2 + 2. Suppose u*t = t - 20. What is the remainder when 3 is divided by t/(-4)*12/10?
0
Let g(x) = x**3 + 6*x**2 - 9*x - 9. Let l be g(-7). Suppose -2*t = -l*t - 3. What is the remainder when 50 is divided by t/(-1) + (3 - -13)?
16
Let b be (-10)/5 - -2*2. Suppose 6*x = 2*x + b*s + 14, -2*x = -2*s - 4. Calculate the remainder when 14 is divided by x/(-2)*(-5 + 3).
4
Let f be -2 + (48 + 1 - 1). Suppose 5*r = 3*k + 104, -6*r + 4*r - k + f = 0. Let m = 34 - r. What is the remainder when m is divided by 7?
5
Suppose 4*c - 54 = -22. What is the remainder when 22 is divided by c?
6
Let a = 136 - 90. Calculate the remainder when a is divided by 25.
21
Let r(v) = -v**3 + 2*v - 1. What is the remainder when 76 is divided by r(-3)?
16
Let t(h) = -20*h + 4. Suppose 3*r = 3*f, 0 = r - 4*r - 3*f - 18. Let i be t(r). Let g = i + -12. Calculate the remainder when g is divided by 18.
16
Suppose -3*a = -4 - 8. Let y be (a/2)/(6/9). Suppose -y + 31 = 4*j. Calculate the remainder when 12 is divided by j.
5
Suppose -2*f = 3*f. Suppose -o = -f*o - 37. Suppose -3*p + 5 = -o. Calculate the remainder when p is divided by 5.
4
Let a be 3 - 2/((-8)/(-92)). Calculate the remainder when 63 is divided by (-452)/a + (-3)/5.
19
Let i(q) = -2*q + 1. Let k be i(2). Let d be 11*-2 + 0/k. Calculate the remainder when 31 is divided by d/(-2) - (0 + 0).
9
Let s = 1 + 7. Let v = s - -6. Suppose 3*w - 40 = -2*w. What is the remainder when v is divided by w?
6
Suppose -5*v + 115 = 5*t, 34 - 12 = 2*t - 4*v. What is the remainder when (-180)/(-8)*(-8)/(-5) is divided by t?
17
Suppose -3*z + 3*t = -66, 4*z + 3*t = t + 70. What is the remainder when (3/6*-2)/((-5)/280) is divided by z?
18
Suppose 3*g - j + 3*j = 9, 0 = -4*j. Suppose -4*k = 4, -g*k - 63 = -2*r + 2*k. What is the remainder when r is divided by 15?
14
Let m(x) = x**2 - 2*x + 7. Calculate the remainder when m(-3) is divided by 12.
10
Calculate the remainder when 2125/100 - 2/8 is divided 